{"id":117,"date":"2020-01-05T22:13:02","date_gmt":"2020-01-05T20:13:02","guid":{"rendered":"http:\/\/testi.koiratuotteet.fi\/?page_id=117"},"modified":"2022-01-31T11:41:04","modified_gmt":"2022-01-31T09:41:04","slug":"saannot","status":"publish","type":"page","link":"https:\/\/www.pollarinmetsastysseura.fi\/index.php\/saannot\/","title":{"rendered":"S\u00e4\u00e4nn\u00f6t"},"content":{"rendered":"\n<p><a href=\"https:\/\/www.pollarinmetsastysseura.fi\/index.php\/saannot\/pollarin-metsastysseura-r-y-saannot\/\">Pollarin Mets\u00e4stysseura ry:n s\u00e4\u00e4nn\u00f6t<\/a><\/p>\n\n\n\n<p><a href=\"https:\/\/www.pollarinmetsastysseura.fi\/index.php\/saannot\/ampumaradan-jarjestyssaannot\/\">Ampumaradan j\u00e4rjestyss\u00e4\u00e4nn\u00f6t<\/a><\/p>\n","protected":false},"excerpt":{"rendered":"<p>Pollarin Mets\u00e4stysseura ry:n s\u00e4\u00e4nn\u00f6t Ampumaradan j\u00e4rjestyss\u00e4\u00e4nn\u00f6t<\/p>\n","protected":false},"author":1,"featured_media":0,"parent":0,"menu_order":3,"comment_status":"closed","ping_status":"closed","template":"","meta":{"ngg_post_thumbnail":0,"footnotes":""},"class_list":["post-117","page","type-page","status-publish","hentry"],"_links":{"self":[{"href":"https:\/\/www.pollarinmetsastysseura.fi\/index.php\/wp-json\/wp\/v2\/pages\/117","targetHints":{"allow":["GET"]}}],"collection":[{"href":"https:\/\/www.pollarinmetsastysseura.fi\/index.php\/wp-json\/wp\/v2\/pages"}],"about":[{"href":"https:\/\/www.pollarinmetsastysseura.fi\/index.php\/wp-json\/wp\/v2\/types\/page"}],"author":[{"embeddable":true,"href":"https:\/\/www.pollarinmetsastysseura.fi\/index.php\/wp-json\/wp\/v2\/users\/1"}],"replies":[{"embeddable":true,"href":"https:\/\/www.pollarinmetsastysseura.fi\/index.php\/wp-json\/wp\/v2\/comments?post=117"}],"version-history":[{"count":4,"href":"https:\/\/www.pollarinmetsastysseura.fi\/index.php\/wp-json\/wp\/v2\/pages\/117\/revisions"}],"predecessor-version":[{"id":485,"href":"https:\/\/www.pollarinmetsastysseura.fi\/index.php\/wp-json\/wp\/v2\/pages\/117\/revisions\/485"}],"wp:attachment":[{"href":"https:\/\/www.pollarinmetsastysseura.fi\/index.php\/wp-json\/wp\/v2\/media?parent=117"}],"curies":[{"name":"wp","href":"https:\/\/api.w.org\/{rel}","templated":true}]}}